{"id":572,"date":"2001-08-15T11:03:00","date_gmt":"2001-08-15T09:03:00","guid":{"rendered":"http:\/\/vincentpuren.fr\/?post_type=jetpack-portfolio&#038;p=572"},"modified":"2022-12-16T19:32:15","modified_gmt":"2022-12-16T18:32:15","slug":"jungle-de-calais","status":"publish","type":"jetpack-portfolio","link":"https:\/\/vincentpuren.fr\/index.php\/portfolio\/jungle-de-calais\/","title":{"rendered":"Jungle de Calais"},"content":{"rendered":"\n<p>Expos\u00e9 dans le cadre d&rsquo;une exposition sur le \u00ab\u00a0voyage\u00a0\u00bb ce travail nous rappelle que le voyage n&rsquo;est pas forc\u00e9ment choisi, qu&rsquo;il s&rsquo;impose parfois \u00e0 nous. <br>Cette s\u00e9rie nous fait voyager au coeur de la <em>Jungle<\/em> de Calais o\u00f9 l&rsquo;omnipr\u00e9sence des CRS forment comme une cloture de surveillance.<br>Une prise de son faite pendant une marche dans la Jungle invite le visiteur \u00e0 s&rsquo;impr\u00e9gner de l&rsquo;ambiance sonore du camps. On peut y entendre une ambiance plut\u00f4t festive, o\u00f9 des enfants jouent au ballon, qui vient comme bousculer, fragiliser cette pr\u00e9sence polici\u00e8re.<\/p>\n\n\n\n<figure class=\"wp-block-image\"><img fetchpriority=\"high\" decoding=\"async\" width=\"1024\" height=\"1024\" data-attachment-id=\"672\" data-permalink=\"https:\/\/vincentpuren.fr\/index.php\/portfolio\/jungle-de-calais\/img_3948\/\" data-orig-file=\"https:\/\/vincentpuren.fr\/wp-content\/uploads\/2019\/08\/IMG_3948-scaled.jpeg\" data-orig-size=\"2560,2560\" data-comments-opened=\"0\" data-image-meta=\"{&quot;aperture&quot;:&quot;1.8&quot;,&quot;credit&quot;:&quot;&quot;,&quot;camera&quot;:&quot;Canon PowerShot G16&quot;,&quot;caption&quot;:&quot;&quot;,&quot;created_timestamp&quot;:&quot;1489514895&quot;,&quot;copyright&quot;:&quot;&quot;,&quot;focal_length&quot;:&quot;6.1&quot;,&quot;iso&quot;:&quot;80&quot;,&quot;shutter_speed&quot;:&quot;0.016666666666667&quot;,&quot;title&quot;:&quot;&quot;,&quot;orientation&quot;:&quot;0&quot;}\" data-image-title=\"IMG_3948\" data-image-description=\"\" data-image-caption=\"\" data-large-file=\"https:\/\/vincentpuren.fr\/wp-content\/uploads\/2019\/08\/IMG_3948-1024x1024.jpeg\" src=\"http:\/\/vincentpuren.fr\/wp-content\/uploads\/2019\/08\/IMG_3948-1024x1024.jpeg\" alt=\"\" class=\"wp-image-672\" srcset=\"https:\/\/vincentpuren.fr\/wp-content\/uploads\/2019\/08\/IMG_3948-1024x1024.jpeg 1024w, https:\/\/vincentpuren.fr\/wp-content\/uploads\/2019\/08\/IMG_3948-300x300.jpeg 300w, https:\/\/vincentpuren.fr\/wp-content\/uploads\/2019\/08\/IMG_3948-scaled-100x100.jpeg 100w, https:\/\/vincentpuren.fr\/wp-content\/uploads\/2019\/08\/IMG_3948-scaled-600x600.jpeg 600w, https:\/\/vincentpuren.fr\/wp-content\/uploads\/2019\/08\/IMG_3948-150x150.jpeg 150w, https:\/\/vincentpuren.fr\/wp-content\/uploads\/2019\/08\/IMG_3948-768x768.jpeg 768w, https:\/\/vincentpuren.fr\/wp-content\/uploads\/2019\/08\/IMG_3948-900x900.jpeg 900w, https:\/\/vincentpuren.fr\/wp-content\/uploads\/2019\/08\/IMG_3948-1000x1000.jpeg 1000w, https:\/\/vincentpuren.fr\/wp-content\/uploads\/2019\/08\/IMG_3948-450x450.jpeg 450w, https:\/\/vincentpuren.fr\/wp-content\/uploads\/2019\/08\/IMG_3948-840x840.jpeg 840w, https:\/\/vincentpuren.fr\/wp-content\/uploads\/2019\/08\/IMG_3948-540x540.jpeg 540w, https:\/\/vincentpuren.fr\/wp-content\/uploads\/2019\/08\/IMG_3948-50x50.jpeg 50w\" sizes=\"(max-width: 1024px) 100vw, 1024px\" \/><\/figure>\n","protected":false},"excerpt":{"rendered":"<p>Expos\u00e9 dans le cadre d&rsquo;une exposition sur le \u00ab\u00a0voyage\u00a0\u00bb ce travail nous rappelle que le voyage n&rsquo;est pas forc\u00e9ment choisi, qu&rsquo;il s&rsquo;impose parfois \u00e0 nous. Cette s\u00e9rie nous fait voyager au coeur de la Jungle de Calais o\u00f9 l&rsquo;omnipr\u00e9sence des CRS forment comme une cloture de surveillance.Une prise de son faite pendant une marche dans<\/p>\n","protected":false},"author":1,"featured_media":0,"comment_status":"closed","ping_status":"closed","template":"","format":"standard","meta":{"footnotes":""},"tags":[],"jetpack-portfolio-type":[],"jetpack-portfolio-tag":[],"class_list":["post-572","jetpack-portfolio","type-jetpack-portfolio","status-publish","format-standard","hentry","no-featured-content"],"jetpack_sharing_enabled":true,"_links":{"self":[{"href":"https:\/\/vincentpuren.fr\/index.php\/wp-json\/wp\/v2\/jetpack-portfolio\/572","targetHints":{"allow":["GET"]}}],"collection":[{"href":"https:\/\/vincentpuren.fr\/index.php\/wp-json\/wp\/v2\/jetpack-portfolio"}],"about":[{"href":"https:\/\/vincentpuren.fr\/index.php\/wp-json\/wp\/v2\/types\/jetpack-portfolio"}],"author":[{"embeddable":true,"href":"https:\/\/vincentpuren.fr\/index.php\/wp-json\/wp\/v2\/users\/1"}],"replies":[{"embeddable":true,"href":"https:\/\/vincentpuren.fr\/index.php\/wp-json\/wp\/v2\/comments?post=572"}],"version-history":[{"count":0,"href":"https:\/\/vincentpuren.fr\/index.php\/wp-json\/wp\/v2\/jetpack-portfolio\/572\/revisions"}],"wp:attachment":[{"href":"https:\/\/vincentpuren.fr\/index.php\/wp-json\/wp\/v2\/media?parent=572"}],"wp:term":[{"taxonomy":"post_tag","embeddable":true,"href":"https:\/\/vincentpuren.fr\/index.php\/wp-json\/wp\/v2\/tags?post=572"},{"taxonomy":"jetpack-portfolio-type","embeddable":true,"href":"https:\/\/vincentpuren.fr\/index.php\/wp-json\/wp\/v2\/jetpack-portfolio-type?post=572"},{"taxonomy":"jetpack-portfolio-tag","embeddable":true,"href":"https:\/\/vincentpuren.fr\/index.php\/wp-json\/wp\/v2\/jetpack-portfolio-tag?post=572"}],"curies":[{"name":"wp","href":"https:\/\/api.w.org\/{rel}","templated":true}]}}

<p>Exposé dans le cadre d&rsquo;une exposition sur le « voyage » ce travail nous rappelle que le voyage n&rsquo;est pas forcément choisi, qu&rsquo;il s&rsquo;impose parfois à nous. <br>Cette série nous fait voyager au coeur de la <em>Jungle</em> de Calais où l&rsquo;omniprésence des CRS forment comme une cloture de surveillance.<br>Une prise de son faite pendant une marche dans la Jungle invite le visiteur à s&rsquo;imprégner de l&rsquo;ambiance sonore du camps. On peut y entendre une ambiance plutôt festive, où des enfants jouent au ballon, qui vient comme bousculer, fragiliser cette présence policière.</p>



<figure class="wp-block-image"><img fetchpriority="high" decoding="async" width="1024" height="1024" data-attachment-id="672" data-permalink="https://vincentpuren.fr/index.php/portfolio/jungle-de-calais/img_3948/" data-orig-file="https://vincentpuren.fr/wp-content/uploads/2019/08/IMG_3948-scaled.jpeg" data-orig-size="2560,2560" data-comments-opened="0" data-image-meta="{&quot;aperture&quot;:&quot;1.8&quot;,&quot;credit&quot;:&quot;&quot;,&quot;camera&quot;:&quot;Canon PowerShot G16&quot;,&quot;caption&quot;:&quot;&quot;,&quot;created_timestamp&quot;:&quot;1489514895&quot;,&quot;copyright&quot;:&quot;&quot;,&quot;focal_length&quot;:&quot;6.1&quot;,&quot;iso&quot;:&quot;80&quot;,&quot;shutter_speed&quot;:&quot;0.016666666666667&quot;,&quot;title&quot;:&quot;&quot;,&quot;orientation&quot;:&quot;0&quot;}" data-image-title="IMG_3948" data-image-description="" data-image-caption="" data-large-file="https://vincentpuren.fr/wp-content/uploads/2019/08/IMG_3948-1024x1024.jpeg" src="http://vincentpuren.fr/wp-content/uploads/2019/08/IMG_3948-1024x1024.jpeg" alt="" class="wp-image-672" srcset="https://vincentpuren.fr/wp-content/uploads/2019/08/IMG_3948-1024x1024.jpeg 1024w, https://vincentpuren.fr/wp-content/uploads/2019/08/IMG_3948-300x300.jpeg 300w, https://vincentpuren.fr/wp-content/uploads/2019/08/IMG_3948-scaled-100x100.jpeg 100w, https://vincentpuren.fr/wp-content/uploads/2019/08/IMG_3948-scaled-600x600.jpeg 600w, https://vincentpuren.fr/wp-content/uploads/2019/08/IMG_3948-150x150.jpeg 150w, https://vincentpuren.fr/wp-content/uploads/2019/08/IMG_3948-768x768.jpeg 768w, https://vincentpuren.fr/wp-content/uploads/2019/08/IMG_3948-900x900.jpeg 900w, https://vincentpuren.fr/wp-content/uploads/2019/08/IMG_3948-1000x1000.jpeg 1000w, https://vincentpuren.fr/wp-content/uploads/2019/08/IMG_3948-450x450.jpeg 450w, https://vincentpuren.fr/wp-content/uploads/2019/08/IMG_3948-840x840.jpeg 840w, https://vincentpuren.fr/wp-content/uploads/2019/08/IMG_3948-540x540.jpeg 540w, https://vincentpuren.fr/wp-content/uploads/2019/08/IMG_3948-50x50.jpeg 50w" sizes="(max-width: 1024px) 100vw, 1024px" /></figure>

<p>Exposé dans le cadre d&rsquo;une exposition sur le « voyage » ce travail nous rappelle que le voyage n&rsquo;est pas forcément choisi, qu&rsquo;il s&rsquo;impose parfois à nous. Cette série nous fait voyager au coeur de la Jungle de Calais où l&rsquo;omniprésence des CRS forment comme une cloture de surveillance.Une prise de son faite pendant une marche dans</p>
