{"id":14,"date":"2019-08-04T12:24:50","date_gmt":"2019-08-04T10:24:50","guid":{"rendered":"http:\/\/vincentpuren.fr\/?page_id=14"},"modified":"2026-02-23T10:15:01","modified_gmt":"2026-02-23T09:15:01","slug":"presentation","status":"publish","type":"page","link":"https:\/\/vincentpuren.fr\/index.php\/presentation\/","title":{"rendered":"Pr\u00e9sentation"},"content":{"rendered":"\n<figure class=\"wp-block-image size-large is-resized\"><img fetchpriority=\"high\" decoding=\"async\" width=\"1024\" height=\"1024\" data-attachment-id=\"1333\" data-permalink=\"https:\/\/vincentpuren.fr\/portrait-puren-2024\/\" data-orig-file=\"https:\/\/vincentpuren.fr\/wp-content\/uploads\/2024\/11\/portrait-PUREN-2024-scaled.jpg\" data-orig-size=\"2560,2560\" data-comments-opened=\"0\" data-image-meta=\"{&quot;aperture&quot;:&quot;1.6&quot;,&quot;credit&quot;:&quot;&quot;,&quot;camera&quot;:&quot;iPhone 13&quot;,&quot;caption&quot;:&quot;&quot;,&quot;created_timestamp&quot;:&quot;1720795480&quot;,&quot;copyright&quot;:&quot;&quot;,&quot;focal_length&quot;:&quot;5.1&quot;,&quot;iso&quot;:&quot;50&quot;,&quot;shutter_speed&quot;:&quot;0.01&quot;,&quot;title&quot;:&quot;&quot;,&quot;orientation&quot;:&quot;1&quot;}\" data-image-title=\"portrait PUREN 2024\" data-image-description=\"\" data-image-caption=\"\" data-large-file=\"https:\/\/vincentpuren.fr\/wp-content\/uploads\/2024\/11\/portrait-PUREN-2024-1024x1024.jpg\" src=\"https:\/\/vincentpuren.fr\/wp-content\/uploads\/2024\/11\/portrait-PUREN-2024-1024x1024.jpg\" alt=\"\" class=\"wp-image-1333\" style=\"width:379px;height:auto\" srcset=\"https:\/\/vincentpuren.fr\/wp-content\/uploads\/2024\/11\/portrait-PUREN-2024-1024x1024.jpg 1024w, https:\/\/vincentpuren.fr\/wp-content\/uploads\/2024\/11\/portrait-PUREN-2024-300x300.jpg 300w, https:\/\/vincentpuren.fr\/wp-content\/uploads\/2024\/11\/portrait-PUREN-2024-150x150.jpg 150w, https:\/\/vincentpuren.fr\/wp-content\/uploads\/2024\/11\/portrait-PUREN-2024-768x768.jpg 768w, https:\/\/vincentpuren.fr\/wp-content\/uploads\/2024\/11\/portrait-PUREN-2024-1536x1536.jpg 1536w, https:\/\/vincentpuren.fr\/wp-content\/uploads\/2024\/11\/portrait-PUREN-2024-2048x2048.jpg 2048w, https:\/\/vincentpuren.fr\/wp-content\/uploads\/2024\/11\/portrait-PUREN-2024-900x900.jpg 900w, https:\/\/vincentpuren.fr\/wp-content\/uploads\/2024\/11\/portrait-PUREN-2024-1000x1000.jpg 1000w, https:\/\/vincentpuren.fr\/wp-content\/uploads\/2024\/11\/portrait-PUREN-2024-450x450.jpg 450w, https:\/\/vincentpuren.fr\/wp-content\/uploads\/2024\/11\/portrait-PUREN-2024-840x840.jpg 840w, https:\/\/vincentpuren.fr\/wp-content\/uploads\/2024\/11\/portrait-PUREN-2024-540x540.jpg 540w, https:\/\/vincentpuren.fr\/wp-content\/uploads\/2024\/11\/portrait-PUREN-2024-600x600.jpg 600w, https:\/\/vincentpuren.fr\/wp-content\/uploads\/2024\/11\/portrait-PUREN-2024-100x100.jpg 100w, https:\/\/vincentpuren.fr\/wp-content\/uploads\/2024\/11\/portrait-PUREN-2024-50x50.jpg 50w\" sizes=\"(max-width: 1024px) 100vw, 1024px\" \/><\/figure>\n\n\n\n<p style=\"font-size:16px\">Vincent Puren vit et travaille \u00e0 Clichy (92).<br>Artiste plasticien, avec une formation d&rsquo;arts graphiques (\u00c9cole de l&rsquo;images des Gobelins &#8211; Paris 75).<\/p>\n\n\n\n<p style=\"font-size:16px\"><strong>Fragments d\u2019intimit\u00e9 : une vision contemplative de l\u2019humain<\/strong><\/p>\n\n\n\n<p style=\"font-size:16px\">Vincent Puren explore la profondeur de l\u2019intimit\u00e9 humaine, dans une qu\u00eate de moments suspendus o\u00f9 le temps semble s\u2019\u00e9tirer. \u00c0 travers un regard contemplatif, il cherche \u00e0 capter la fragilit\u00e9 de nos existences et par extension de celle du monde qui nous entoure. Ses \u0153uvres d\u00e9voilent des atmosph\u00e8res intrigantes et po\u00e9tiques.<br>Pour amplifier cette dimension intime, des cadrages parfois serr\u00e9s laissent souvent les visages hors champ ou partiellement dissimul\u00e9s, tandis que la peau, fronti\u00e8re entre l\u2019\u00eatre et le monde, occupe une place centrale. Ses personnages, dans leur simplicit\u00e9 naturelle et leur sensualit\u00e9 discr\u00e8te, se r\u00e9v\u00e8lent dans des instants de proximit\u00e9 fragile.<br>Son langage visuel, entre myst\u00e8re et po\u00e9sie, propose au regardeur une immersion dans un espace intime, une invitation \u00e0 contempler le silence et l\u2019\u00e9ph\u00e9m\u00e8re.<\/p>\n\n\n\n<p style=\"font-size:16px\"><\/p>\n\n\n\n<p style=\"font-size:16px\">En parall\u00e8le, il produit des \u0153uvres sonores pour France Culture :<br>&#8211; <a href=\"https:\/\/www.radiofrance.fr\/franceculture\/podcasts\/toute-une-vie\/francis-savel-salieri-1928-2005-les-metamorphoses-d-un-artiste-flamboyant-1545883\" target=\"_blank\" rel=\"noreferrer noopener\">Francis Savel, les m\u00e9tamorphoses d&rsquo;un artiste flamboyant<\/a><br><em>&#8211;<\/em> <em><a href=\"http:\/\/vincentpuren.fr\/index.php\/portfolio\/la-parenthese-enchantee\/\" target=\"_blank\" rel=\"noreferrer noopener\">La parenth\u00e8se enchant\u00e9e<\/a><\/em>, une immersion dans le San Francisco gay des 70&rsquo;s avant l&rsquo;arriv\u00e9e du SIDA.<\/p>\n\n\n\n<p style=\"font-size:16px\">Depuis f\u00e9vrier 2015,&nbsp; Vincent Puren est \u00e9galement Pr\u00e9sident du collectif d&rsquo;artistes plasticiens&nbsp;<a href=\"https:\/\/www.facebook.com\/artifact92\" target=\"_blank\" rel=\"noreferrer noopener\"><em>artifact<\/em><\/a>.<\/p>\n\n\n\n<hr class=\"wp-block-separator has-alpha-channel-opacity\"\/>\n\n\n\n<p class=\"has-small-font-size\">Interview Icon Icon M\u00e9dia &#8211; Janvier 2026<\/p>\n\n\n\n<figure class=\"wp-block-video\"><video controls src=\"https:\/\/vincentpuren.fr\/wp-content\/uploads\/2026\/01\/VincentPuren_IconIcon.mp4\"><\/video><\/figure>\n","protected":false},"excerpt":{"rendered":"<p>Vincent Puren vit et travaille \u00e0 Clichy (92).Artiste plasticien, avec une formation d&rsquo;arts graphiques (\u00c9cole de l&rsquo;images des Gobelins &#8211; Paris 75). Fragments d\u2019intimit\u00e9 : une vision contemplative de l\u2019humain Vincent Puren explore la profondeur de l\u2019intimit\u00e9 humaine, dans une qu\u00eate de moments suspendus o\u00f9 le temps semble s\u2019\u00e9tirer. \u00c0 travers un regard contemplatif, il<\/p>\n","protected":false},"author":1,"featured_media":0,"parent":0,"menu_order":0,"comment_status":"closed","ping_status":"closed","template":"","meta":{"footnotes":""},"class_list":["post-14","page","type-page","status-publish","hentry","no-featured-content"],"jetpack_sharing_enabled":true,"_links":{"self":[{"href":"https:\/\/vincentpuren.fr\/index.php\/wp-json\/wp\/v2\/pages\/14","targetHints":{"allow":["GET"]}}],"collection":[{"href":"https:\/\/vincentpuren.fr\/index.php\/wp-json\/wp\/v2\/pages"}],"about":[{"href":"https:\/\/vincentpuren.fr\/index.php\/wp-json\/wp\/v2\/types\/page"}],"author":[{"embeddable":true,"href":"https:\/\/vincentpuren.fr\/index.php\/wp-json\/wp\/v2\/users\/1"}],"replies":[{"embeddable":true,"href":"https:\/\/vincentpuren.fr\/index.php\/wp-json\/wp\/v2\/comments?post=14"}],"version-history":[{"count":8,"href":"https:\/\/vincentpuren.fr\/index.php\/wp-json\/wp\/v2\/pages\/14\/revisions"}],"predecessor-version":[{"id":1466,"href":"https:\/\/vincentpuren.fr\/index.php\/wp-json\/wp\/v2\/pages\/14\/revisions\/1466"}],"wp:attachment":[{"href":"https:\/\/vincentpuren.fr\/index.php\/wp-json\/wp\/v2\/media?parent=14"}],"curies":[{"name":"wp","href":"https:\/\/api.w.org\/{rel}","templated":true}]}}