{"id":25,"date":"2019-08-04T17:05:55","date_gmt":"2019-08-04T15:05:55","guid":{"rendered":"http:\/\/vincentpuren.fr\/?page_id=25"},"modified":"2026-02-23T10:15:42","modified_gmt":"2026-02-23T09:15:42","slug":"expositions","status":"publish","type":"page","link":"https:\/\/vincentpuren.fr\/index.php\/expositions\/","title":{"rendered":"Expositions"},"content":{"rendered":"\n<p style=\"font-size:14px\"><strong>Expositions personnelles :<br><\/strong>&#8211; Le Hublot &#8211; Ivry sur Seine &#8211; du 4 au 18 octobre 2024<br>&#8211; Galerie de L&rsquo;Angle &#8211; Paris &#8211; Rainbow Kids du 2 au 10 octobre 2021<br>&#8211; Galerie de L&rsquo;Angle &#8211; Paris &#8211; DANDYS du 2 au 8 mars 2020<br>&#8211; Ami ami festival &#8211; Reims &#8211; du 10 au 16 septembre 2018<\/p>\n\n\n\n<p style=\"font-size:14px\"><strong>Expositions collectives :<\/strong><br>&#8211; Fragments &#8211; Centre d&rsquo;arts, le Pavillon Vend\u00f4me &#8211; Clichy &#8211; du 18 f\u00e9vrier au 2 mai 2026<br>&#8211; Mandragore &#8211; Galerie 24b &#8211; du 31 janvier au 8 F\u00e9vrier 2026<br>&#8211; Drawing Draw &#8211; Salon du dessin contemporain &#8211; Montpellier &#8211; du 4 septembre au 4 octobre 2025<br>&#8211; SALO XIII &#8211; Paris &#8211; du 19 au 22 juin 2025<br>&#8211; Amours &#8211; Galerie Espace temps &#8211; Paris &#8211; du 10 au 13 avril 2025<br>&#8211; SALO XII &#8211; Paris &#8211; du 6 au 9 juin 2024<br>&#8211; Galerie 24b &#8211; Da morire &#8211; Paris &#8211; du 18 au 28 avril 2024<br>&#8211; Le lieu multiple &#8211; Citius, alitius, fortius &#8211; Montpellier &#8211; du 14 mars au 6 avril 2024<br>&#8211; Galerie Espace temps &#8211; Amours V &#8211; Paris &#8211; du 14 au 18 f\u00e9vrier 2024<br>&#8211; N5 Galerie &#8211; Conversations &#8211; Montpellier &#8211; du 1er d\u00e9cembre 2023 au 20 janvier 2024<br>&#8211; L&rsquo;appartement Galerie &#8211; Nantes &#8211; du 25 novembre 2023 au 7 janvier 2024<br>&#8211; Pink Screens &#8211; Bruxelles \/ Belgique &#8211; du 9 au 18 novembre 2023<br>&#8211; N5 Galerie &#8211; No Prohibida &#8211; Montpellier &#8211; du 13 octobre au 25 novembre 2023<br>&#8211; SALO XI &#8211; Paris &#8211; du 22 au 25 juin 2023 <br>&#8211; Galerie Hors-Champs &#8211; De ce qui est proche &#8211; Paris &#8211; du 6 mai au 18 juin 2023 <br>&#8211; N5 Galerie &#8211; Plaisir d\u2019offrir joie de recevoir &#8211; Montpellier &#8211; du 24 novembre 2022 au 24 janvier 2023 <br>&#8211; Arcit\u00e9 &#8211; Fontenay sous Bois &#8211; du 22 septembre au 22 octobre 2022<br>&#8211; N5 Galerie &#8211; Les rendez-vous des collectionneurs\u2026 \u00e9t\u00e9 2022 &#8211; Montpellier &#8211; du 24 juin au 23 juillet 2022<br>&#8211; SALO X &#8211; Paris &#8211; du 09 au 12 juin 2022<br>&#8211; Galerie Plateform &#8211; Amours III &#8211; Paris &#8211; du 25 f\u00e9vrier au 18 mars 2022 <br>&#8211; N5 Galerie &#8211; Conversations &#8211; Montpellier &#8211; du vendredi 3 d\u00e9cembre 2021 au 29 janvier 2022<br>&#8211; Pink Screens &#8211; Bruxelles \/ Belgique &#8211; du 12 au 21 novembre 2020 &#8211; report\u00e9e COVID<br>&#8211; SALO IX &#8211; Paris &#8211; du 22 au 25 juillet 2021<br>&#8211; Smaller Side Room &#8211; Reactor De Creatie Si Experiment &#8211; Cluj-Napoca, Romania &#8211; Juin 2021<br>&#8211; Fluffy Crime gallery &#8211; I&rsquo;ll never be untrue &#8211; Chicago USA &#8211; Du 20\/03 au 9\/04\/21<br>&#8211; The bridge by Christian Berst &#8211; Salon de la mort II &#8211; Paris &#8211; du 13\/02 au 14\/03 2021<br>&#8211; The Holy Art Gallery &#8211; Rebirth &#8211; London UK &#8211; 17 au 24 janvier 2021<br>&#8211; Galerie H\u00e9lo\u00efse &#8211; Amours II &#8211; Paris &#8211; du 23 septembre au 18 octobre 2020<br>&#8211; SALO VIII &#8211; Paris &#8211; du 17 au 21 juin 2020<br>&#8211; Art sur le fil &#8211; Alen\u00e7on &#8211; du 13 au 16 juin 2019<br>&#8211; 19e Salon des \u0152uvres sur papier &#8211; \u00c9tampes &#8211; du 15 mars au 7 avril 2019<br>&#8211; 18e Salon des \u0152uvres sur papier &#8211; \u00c9tampes &#8211; du 23 mars au 15 avril 2018<\/p>\n\n\n\n<p style=\"font-size:14px\"><strong>R\u00e9sidence :<\/strong><br>Le Lieu Mutilple &#8211; r\u00e9sidence du 24 juillet au 7 ao\u00fbt 2024 &#8211; Travail sur Saint Roch<\/p>\n\n\n\n<p style=\"font-size:14px\"><strong>Cr\u00e9ations sonores :<\/strong><br><a href=\"https:\/\/www.radiofrance.fr\/franceculture\/podcasts\/toute-une-vie\/francis-savel-salieri-1928-2005-les-metamorphoses-d-un-artiste-flamboyant-1545883\" target=\"_blank\" rel=\"noreferrer noopener\">Francis Savel, les m\u00e9tamorphoses d&rsquo;un artiste flamboyant \/ France Culture &#8211; 2025<\/a><br><a href=\"https:\/\/www.radiofrance.fr\/franceculture\/podcasts\/l-experience\/la-parenthese-enchantee-san-francisco-1975-1981-6960377\" target=\"_blank\" rel=\"noreferrer noopener\"><mark style=\"background-color:rgba(0, 0, 0, 0)\" class=\"has-inline-color has-vivid-cyan-blue-color\">La parenth\u00e8se enchant\u00e9 &#8211; San Francisco : Co-R\u00e9alisateur d\u2019une \u0153uvre sonore pour Radio France \/ France Culture &#8211; 2018<\/mark><\/a><\/p>\n\n\n\n<p style=\"font-size:14px\"><strong>Publication :<\/strong><br>1969 Tous Azimuts &#8211; Collectif Speak To M(e) &#8211; 20 illustrations.<br><a href=\"https:\/\/toh-magazine.com\/2022\/07\/vincent-puren-e-lerotismo-dei-suoi-acquarelli\/\" target=\"_blank\" rel=\"noreferrer noopener\"><mark style=\"background-color:rgba(0, 0, 0, 0)\" class=\"has-inline-color has-vivid-cyan-blue-color\">Toh Magazine (Italie) &#8211; Interview &#8211; Juillet 2022<\/mark><\/a><\/p>\n\n\n\n<p><\/p>\n\n\n\n<hr class=\"wp-block-separator has-css-opacity\"\/>\n","protected":false},"excerpt":{"rendered":"<p>Expositions personnelles :&#8211; Le Hublot &#8211; Ivry sur Seine &#8211; du 4 au 18 octobre 2024&#8211; Galerie de L&rsquo;Angle &#8211; Paris &#8211; Rainbow Kids du 2 au 10 octobre 2021&#8211; Galerie de L&rsquo;Angle &#8211; Paris &#8211; DANDYS du 2 au 8 mars 2020&#8211; Ami ami festival &#8211; Reims &#8211; du 10 au 16 septembre 2018<\/p>\n","protected":false},"author":1,"featured_media":0,"parent":0,"menu_order":0,"comment_status":"closed","ping_status":"closed","template":"","meta":{"footnotes":""},"class_list":["post-25","page","type-page","status-publish","hentry","no-featured-content"],"jetpack_sharing_enabled":true,"_links":{"self":[{"href":"https:\/\/vincentpuren.fr\/index.php\/wp-json\/wp\/v2\/pages\/25","targetHints":{"allow":["GET"]}}],"collection":[{"href":"https:\/\/vincentpuren.fr\/index.php\/wp-json\/wp\/v2\/pages"}],"about":[{"href":"https:\/\/vincentpuren.fr\/index.php\/wp-json\/wp\/v2\/types\/page"}],"author":[{"embeddable":true,"href":"https:\/\/vincentpuren.fr\/index.php\/wp-json\/wp\/v2\/users\/1"}],"replies":[{"embeddable":true,"href":"https:\/\/vincentpuren.fr\/index.php\/wp-json\/wp\/v2\/comments?post=25"}],"version-history":[{"count":10,"href":"https:\/\/vincentpuren.fr\/index.php\/wp-json\/wp\/v2\/pages\/25\/revisions"}],"predecessor-version":[{"id":1467,"href":"https:\/\/vincentpuren.fr\/index.php\/wp-json\/wp\/v2\/pages\/25\/revisions\/1467"}],"wp:attachment":[{"href":"https:\/\/vincentpuren.fr\/index.php\/wp-json\/wp\/v2\/media?parent=25"}],"curies":[{"name":"wp","href":"https:\/\/api.w.org\/{rel}","templated":true}]}}

<p style="font-size:14px"><strong>Expositions personnelles :<br></strong>&#8211; Le Hublot &#8211; Ivry sur Seine &#8211; du 4 au 18 octobre 2024<br>&#8211; Galerie de L&rsquo;Angle &#8211; Paris &#8211; Rainbow Kids du 2 au 10 octobre 2021<br>&#8211; Galerie de L&rsquo;Angle &#8211; Paris &#8211; DANDYS du 2 au 8 mars 2020<br>&#8211; Ami ami festival &#8211; Reims &#8211; du 10 au 16 septembre 2018</p>



<p style="font-size:14px"><strong>Expositions collectives :</strong><br>&#8211; Fragments &#8211; Centre d&rsquo;arts, le Pavillon Vendôme &#8211; Clichy &#8211; du 18 février au 2 mai 2026<br>&#8211; Mandragore &#8211; Galerie 24b &#8211; du 31 janvier au 8 Février 2026<br>&#8211; Drawing Draw &#8211; Salon du dessin contemporain &#8211; Montpellier &#8211; du 4 septembre au 4 octobre 2025<br>&#8211; SALO XIII &#8211; Paris &#8211; du 19 au 22 juin 2025<br>&#8211; Amours &#8211; Galerie Espace temps &#8211; Paris &#8211; du 10 au 13 avril 2025<br>&#8211; SALO XII &#8211; Paris &#8211; du 6 au 9 juin 2024<br>&#8211; Galerie 24b &#8211; Da morire &#8211; Paris &#8211; du 18 au 28 avril 2024<br>&#8211; Le lieu multiple &#8211; Citius, alitius, fortius &#8211; Montpellier &#8211; du 14 mars au 6 avril 2024<br>&#8211; Galerie Espace temps &#8211; Amours V &#8211; Paris &#8211; du 14 au 18 février 2024<br>&#8211; N5 Galerie &#8211; Conversations &#8211; Montpellier &#8211; du 1er décembre 2023 au 20 janvier 2024<br>&#8211; L&rsquo;appartement Galerie &#8211; Nantes &#8211; du 25 novembre 2023 au 7 janvier 2024<br>&#8211; Pink Screens &#8211; Bruxelles / Belgique &#8211; du 9 au 18 novembre 2023<br>&#8211; N5 Galerie &#8211; No Prohibida &#8211; Montpellier &#8211; du 13 octobre au 25 novembre 2023<br>&#8211; SALO XI &#8211; Paris &#8211; du 22 au 25 juin 2023 <br>&#8211; Galerie Hors-Champs &#8211; De ce qui est proche &#8211; Paris &#8211; du 6 mai au 18 juin 2023 <br>&#8211; N5 Galerie &#8211; Plaisir d’offrir joie de recevoir &#8211; Montpellier &#8211; du 24 novembre 2022 au 24 janvier 2023 <br>&#8211; Arcité &#8211; Fontenay sous Bois &#8211; du 22 septembre au 22 octobre 2022<br>&#8211; N5 Galerie &#8211; Les rendez-vous des collectionneurs… été 2022 &#8211; Montpellier &#8211; du 24 juin au 23 juillet 2022<br>&#8211; SALO X &#8211; Paris &#8211; du 09 au 12 juin 2022<br>&#8211; Galerie Plateform &#8211; Amours III &#8211; Paris &#8211; du 25 février au 18 mars 2022 <br>&#8211; N5 Galerie &#8211; Conversations &#8211; Montpellier &#8211; du vendredi 3 décembre 2021 au 29 janvier 2022<br>&#8211; Pink Screens &#8211; Bruxelles / Belgique &#8211; du 12 au 21 novembre 2020 &#8211; reportée COVID<br>&#8211; SALO IX &#8211; Paris &#8211; du 22 au 25 juillet 2021<br>&#8211; Smaller Side Room &#8211; Reactor De Creatie Si Experiment &#8211; Cluj-Napoca, Romania &#8211; Juin 2021<br>&#8211; Fluffy Crime gallery &#8211; I&rsquo;ll never be untrue &#8211; Chicago USA &#8211; Du 20/03 au 9/04/21<br>&#8211; The bridge by Christian Berst &#8211; Salon de la mort II &#8211; Paris &#8211; du 13/02 au 14/03 2021<br>&#8211; The Holy Art Gallery &#8211; Rebirth &#8211; London UK &#8211; 17 au 24 janvier 2021<br>&#8211; Galerie Héloïse &#8211; Amours II &#8211; Paris &#8211; du 23 septembre au 18 octobre 2020<br>&#8211; SALO VIII &#8211; Paris &#8211; du 17 au 21 juin 2020<br>&#8211; Art sur le fil &#8211; Alençon &#8211; du 13 au 16 juin 2019<br>&#8211; 19e Salon des Œuvres sur papier &#8211; Étampes &#8211; du 15 mars au 7 avril 2019<br>&#8211; 18e Salon des Œuvres sur papier &#8211; Étampes &#8211; du 23 mars au 15 avril 2018</p>



<p style="font-size:14px"><strong>Résidence :</strong><br>Le Lieu Mutilple &#8211; résidence du 24 juillet au 7 août 2024 &#8211; Travail sur Saint Roch</p>



<p style="font-size:14px"><strong>Créations sonores :</strong><br><a href="https://www.radiofrance.fr/franceculture/podcasts/toute-une-vie/francis-savel-salieri-1928-2005-les-metamorphoses-d-un-artiste-flamboyant-1545883" target="_blank" rel="noreferrer noopener">Francis Savel, les métamorphoses d&rsquo;un artiste flamboyant / France Culture &#8211; 2025</a><br><a href="https://www.radiofrance.fr/franceculture/podcasts/l-experience/la-parenthese-enchantee-san-francisco-1975-1981-6960377" target="_blank" rel="noreferrer noopener"><mark style="background-color:rgba(0, 0, 0, 0)" class="has-inline-color has-vivid-cyan-blue-color">La parenthèse enchanté &#8211; San Francisco : Co-Réalisateur d’une œuvre sonore pour Radio France / France Culture &#8211; 2018</mark></a></p>



<p style="font-size:14px"><strong>Publication :</strong><br>1969 Tous Azimuts &#8211; Collectif Speak To M(e) &#8211; 20 illustrations.<br><a href="https://toh-magazine.com/2022/07/vincent-puren-e-lerotismo-dei-suoi-acquarelli/" target="_blank" rel="noreferrer noopener"><mark style="background-color:rgba(0, 0, 0, 0)" class="has-inline-color has-vivid-cyan-blue-color">Toh Magazine (Italie) &#8211; Interview &#8211; Juillet 2022</mark></a></p>



<p></p>



<hr class="wp-block-separator has-css-opacity"/>
