{"id":1430,"date":"2025-11-29T15:20:18","date_gmt":"2025-11-29T14:20:18","guid":{"rendered":"https:\/\/vincentpuren.fr\/?post_type=product&#038;p=1430"},"modified":"2026-03-29T13:19:27","modified_gmt":"2026-03-29T11:19:27","slug":"instants-de-peau-livret","status":"publish","type":"product","link":"https:\/\/vincentpuren.fr\/index.php\/produit\/instants-de-peau-livret\/","title":{"rendered":"Instants de peau &#8211; livret 20 pages"},"content":{"rendered":"<p><img fetchpriority=\"high\" decoding=\"async\" data-attachment-id=\"1434\" data-permalink=\"https:\/\/vincentpuren.fr\/?attachment_id=1434\" data-orig-file=\"https:\/\/vincentpuren.fr\/wp-content\/uploads\/2025\/11\/Zine2_InstantPeauCouvBoutique.jpg\" data-orig-size=\"1849,2465\" data-comments-opened=\"0\" data-image-meta=\"{&quot;aperture&quot;:&quot;1.6&quot;,&quot;credit&quot;:&quot;&quot;,&quot;camera&quot;:&quot;iPhone 13&quot;,&quot;caption&quot;:&quot;&quot;,&quot;created_timestamp&quot;:&quot;0&quot;,&quot;copyright&quot;:&quot;&quot;,&quot;focal_length&quot;:&quot;5.1&quot;,&quot;iso&quot;:&quot;125&quot;,&quot;shutter_speed&quot;:&quot;0.01&quot;,&quot;title&quot;:&quot;Zine2_InstantPeauCouvBoutique&quot;,&quot;orientation&quot;:&quot;1&quot;}\" data-image-title=\"Zine2_InstantPeauCouvBoutique\" data-image-description=\"\" data-image-caption=\"\" data-large-file=\"https:\/\/vincentpuren.fr\/wp-content\/uploads\/2025\/11\/Zine2_InstantPeauCouvBoutique-768x1024.jpg\" class=\"alignnone wp-image-1434 size-medium\" src=\"https:\/\/vincentpuren.fr\/wp-content\/uploads\/2025\/11\/Zine2_InstantPeauCouvBoutique-225x300.jpg\" alt=\"\" width=\"225\" height=\"300\" srcset=\"https:\/\/vincentpuren.fr\/wp-content\/uploads\/2025\/11\/Zine2_InstantPeauCouvBoutique-225x300.jpg 225w, https:\/\/vincentpuren.fr\/wp-content\/uploads\/2025\/11\/Zine2_InstantPeauCouvBoutique-768x1024.jpg 768w, https:\/\/vincentpuren.fr\/wp-content\/uploads\/2025\/11\/Zine2_InstantPeauCouvBoutique-1152x1536.jpg 1152w, https:\/\/vincentpuren.fr\/wp-content\/uploads\/2025\/11\/Zine2_InstantPeauCouvBoutique-1536x2048.jpg 1536w, https:\/\/vincentpuren.fr\/wp-content\/uploads\/2025\/11\/Zine2_InstantPeauCouvBoutique-900x1200.jpg 900w, https:\/\/vincentpuren.fr\/wp-content\/uploads\/2025\/11\/Zine2_InstantPeauCouvBoutique-1000x1333.jpg 1000w, https:\/\/vincentpuren.fr\/wp-content\/uploads\/2025\/11\/Zine2_InstantPeauCouvBoutique-450x600.jpg 450w, https:\/\/vincentpuren.fr\/wp-content\/uploads\/2025\/11\/Zine2_InstantPeauCouvBoutique-840x1120.jpg 840w, https:\/\/vincentpuren.fr\/wp-content\/uploads\/2025\/11\/Zine2_InstantPeauCouvBoutique-540x720.jpg 540w, https:\/\/vincentpuren.fr\/wp-content\/uploads\/2025\/11\/Zine2_InstantPeauCouvBoutique-600x800.jpg 600w, https:\/\/vincentpuren.fr\/wp-content\/uploads\/2025\/11\/Zine2_InstantPeauCouvBoutique.jpg 1849w\" sizes=\"(max-width: 225px) 100vw, 225px\" \/> \u00a0<img decoding=\"async\" data-attachment-id=\"1435\" data-permalink=\"https:\/\/vincentpuren.fr\/?attachment_id=1435\" data-orig-file=\"https:\/\/vincentpuren.fr\/wp-content\/uploads\/2025\/11\/Zine2_InstantPeauCouvBoutique2.jpg\" data-orig-size=\"1778,2370\" data-comments-opened=\"0\" data-image-meta=\"{&quot;aperture&quot;:&quot;1.6&quot;,&quot;credit&quot;:&quot;&quot;,&quot;camera&quot;:&quot;iPhone 13&quot;,&quot;caption&quot;:&quot;&quot;,&quot;created_timestamp&quot;:&quot;0&quot;,&quot;copyright&quot;:&quot;&quot;,&quot;focal_length&quot;:&quot;5.1&quot;,&quot;iso&quot;:&quot;64&quot;,&quot;shutter_speed&quot;:&quot;0.02&quot;,&quot;title&quot;:&quot;Zine2_InstantPeauCouvBoutique2&quot;,&quot;orientation&quot;:&quot;1&quot;}\" data-image-title=\"Zine2_InstantPeauCouvBoutique2\" data-image-description=\"\" data-image-caption=\"\" data-large-file=\"https:\/\/vincentpuren.fr\/wp-content\/uploads\/2025\/11\/Zine2_InstantPeauCouvBoutique2-768x1024.jpg\" class=\"alignnone wp-image-1435 size-medium\" src=\"https:\/\/vincentpuren.fr\/wp-content\/uploads\/2025\/11\/Zine2_InstantPeauCouvBoutique2-225x300.jpg\" alt=\"\" width=\"225\" height=\"300\" srcset=\"https:\/\/vincentpuren.fr\/wp-content\/uploads\/2025\/11\/Zine2_InstantPeauCouvBoutique2-225x300.jpg 225w, https:\/\/vincentpuren.fr\/wp-content\/uploads\/2025\/11\/Zine2_InstantPeauCouvBoutique2-768x1024.jpg 768w, https:\/\/vincentpuren.fr\/wp-content\/uploads\/2025\/11\/Zine2_InstantPeauCouvBoutique2-1152x1536.jpg 1152w, https:\/\/vincentpuren.fr\/wp-content\/uploads\/2025\/11\/Zine2_InstantPeauCouvBoutique2-1536x2048.jpg 1536w, https:\/\/vincentpuren.fr\/wp-content\/uploads\/2025\/11\/Zine2_InstantPeauCouvBoutique2-900x1200.jpg 900w, https:\/\/vincentpuren.fr\/wp-content\/uploads\/2025\/11\/Zine2_InstantPeauCouvBoutique2-1000x1333.jpg 1000w, https:\/\/vincentpuren.fr\/wp-content\/uploads\/2025\/11\/Zine2_InstantPeauCouvBoutique2-450x600.jpg 450w, https:\/\/vincentpuren.fr\/wp-content\/uploads\/2025\/11\/Zine2_InstantPeauCouvBoutique2-840x1120.jpg 840w, https:\/\/vincentpuren.fr\/wp-content\/uploads\/2025\/11\/Zine2_InstantPeauCouvBoutique2-540x720.jpg 540w, https:\/\/vincentpuren.fr\/wp-content\/uploads\/2025\/11\/Zine2_InstantPeauCouvBoutique2-600x800.jpg 600w, https:\/\/vincentpuren.fr\/wp-content\/uploads\/2025\/11\/Zine2_InstantPeauCouvBoutique2.jpg 1778w\" sizes=\"(max-width: 225px) 100vw, 225px\" \/><\/p>\n<p><em><strong>Instants de peau<\/strong><\/em><br \/>\nLivret illustr\u00e9 de 20 pages &#8211; num\u00e9rot\u00e9 et sign\u00e9 &#8211; 50 exemplaires &#8211; sur papier recycl\u00e9 220g.<\/p>\n<p><img decoding=\"async\" data-attachment-id=\"1431\" data-permalink=\"https:\/\/vincentpuren.fr\/?attachment_id=1431\" data-orig-file=\"https:\/\/vincentpuren.fr\/wp-content\/uploads\/2025\/11\/Capture-decran-2025-11-29-a-15.08.01.png\" data-orig-size=\"2164,1518\" data-comments-opened=\"0\" data-image-meta=\"{&quot;aperture&quot;:&quot;0&quot;,&quot;credit&quot;:&quot;&quot;,&quot;camera&quot;:&quot;&quot;,&quot;caption&quot;:&quot;&quot;,&quot;created_timestamp&quot;:&quot;0&quot;,&quot;copyright&quot;:&quot;&quot;,&quot;focal_length&quot;:&quot;0&quot;,&quot;iso&quot;:&quot;0&quot;,&quot;shutter_speed&quot;:&quot;0&quot;,&quot;title&quot;:&quot;&quot;,&quot;orientation&quot;:&quot;0&quot;}\" data-image-title=\"Capture d\u2019\u00e9cran 2025-11-29 \u00e0 15.08.01\" data-image-description=\"\" data-image-caption=\"\" data-large-file=\"https:\/\/vincentpuren.fr\/wp-content\/uploads\/2025\/11\/Capture-decran-2025-11-29-a-15.08.01-1024x718.png\" class=\"alignnone wp-image-1431 size-medium\" src=\"https:\/\/vincentpuren.fr\/wp-content\/uploads\/2025\/11\/Capture-decran-2025-11-29-a-15.08.01-300x210.png\" alt=\"\" width=\"300\" height=\"210\" srcset=\"https:\/\/vincentpuren.fr\/wp-content\/uploads\/2025\/11\/Capture-decran-2025-11-29-a-15.08.01-300x210.png 300w, https:\/\/vincentpuren.fr\/wp-content\/uploads\/2025\/11\/Capture-decran-2025-11-29-a-15.08.01-1024x718.png 1024w, https:\/\/vincentpuren.fr\/wp-content\/uploads\/2025\/11\/Capture-decran-2025-11-29-a-15.08.01-768x539.png 768w, https:\/\/vincentpuren.fr\/wp-content\/uploads\/2025\/11\/Capture-decran-2025-11-29-a-15.08.01-1536x1077.png 1536w, https:\/\/vincentpuren.fr\/wp-content\/uploads\/2025\/11\/Capture-decran-2025-11-29-a-15.08.01-2048x1437.png 2048w, https:\/\/vincentpuren.fr\/wp-content\/uploads\/2025\/11\/Capture-decran-2025-11-29-a-15.08.01-900x631.png 900w, https:\/\/vincentpuren.fr\/wp-content\/uploads\/2025\/11\/Capture-decran-2025-11-29-a-15.08.01-1000x701.png 1000w, https:\/\/vincentpuren.fr\/wp-content\/uploads\/2025\/11\/Capture-decran-2025-11-29-a-15.08.01-450x316.png 450w, https:\/\/vincentpuren.fr\/wp-content\/uploads\/2025\/11\/Capture-decran-2025-11-29-a-15.08.01-840x589.png 840w, https:\/\/vincentpuren.fr\/wp-content\/uploads\/2025\/11\/Capture-decran-2025-11-29-a-15.08.01-540x379.png 540w, https:\/\/vincentpuren.fr\/wp-content\/uploads\/2025\/11\/Capture-decran-2025-11-29-a-15.08.01-600x421.png 600w\" sizes=\"(max-width: 300px) 100vw, 300px\" \/> <img loading=\"lazy\" decoding=\"async\" data-attachment-id=\"1442\" data-permalink=\"https:\/\/vincentpuren.fr\/?attachment_id=1442\" data-orig-file=\"https:\/\/vincentpuren.fr\/wp-content\/uploads\/2025\/11\/IDP_pagesInt5.png\" data-orig-size=\"2164,1518\" data-comments-opened=\"0\" data-image-meta=\"{&quot;aperture&quot;:&quot;0&quot;,&quot;credit&quot;:&quot;&quot;,&quot;camera&quot;:&quot;&quot;,&quot;caption&quot;:&quot;&quot;,&quot;created_timestamp&quot;:&quot;0&quot;,&quot;copyright&quot;:&quot;&quot;,&quot;focal_length&quot;:&quot;0&quot;,&quot;iso&quot;:&quot;0&quot;,&quot;shutter_speed&quot;:&quot;0&quot;,&quot;title&quot;:&quot;&quot;,&quot;orientation&quot;:&quot;0&quot;}\" data-image-title=\"IDP_pagesInt5\" data-image-description=\"\" data-image-caption=\"\" data-large-file=\"https:\/\/vincentpuren.fr\/wp-content\/uploads\/2025\/11\/IDP_pagesInt5-1024x718.png\" class=\"alignnone wp-image-1442 size-medium\" src=\"https:\/\/vincentpuren.fr\/wp-content\/uploads\/2025\/11\/IDP_pagesInt5-300x210.png\" alt=\"\" width=\"300\" height=\"210\" srcset=\"https:\/\/vincentpuren.fr\/wp-content\/uploads\/2025\/11\/IDP_pagesInt5-300x210.png 300w, https:\/\/vincentpuren.fr\/wp-content\/uploads\/2025\/11\/IDP_pagesInt5-1024x718.png 1024w, https:\/\/vincentpuren.fr\/wp-content\/uploads\/2025\/11\/IDP_pagesInt5-768x539.png 768w\" sizes=\"(max-width: 300px) 100vw, 300px\" \/> <img loading=\"lazy\" decoding=\"async\" data-attachment-id=\"1439\" data-permalink=\"https:\/\/vincentpuren.fr\/?attachment_id=1439\" data-orig-file=\"https:\/\/vincentpuren.fr\/wp-content\/uploads\/2025\/11\/IDP_pagesInt2.png\" data-orig-size=\"2162,1516\" data-comments-opened=\"0\" data-image-meta=\"{&quot;aperture&quot;:&quot;0&quot;,&quot;credit&quot;:&quot;&quot;,&quot;camera&quot;:&quot;&quot;,&quot;caption&quot;:&quot;&quot;,&quot;created_timestamp&quot;:&quot;0&quot;,&quot;copyright&quot;:&quot;&quot;,&quot;focal_length&quot;:&quot;0&quot;,&quot;iso&quot;:&quot;0&quot;,&quot;shutter_speed&quot;:&quot;0&quot;,&quot;title&quot;:&quot;&quot;,&quot;orientation&quot;:&quot;0&quot;}\" data-image-title=\"IDP_pagesInt2\" data-image-description=\"\" data-image-caption=\"\" data-large-file=\"https:\/\/vincentpuren.fr\/wp-content\/uploads\/2025\/11\/IDP_pagesInt2-1024x718.png\" class=\"alignnone wp-image-1439 size-medium\" src=\"https:\/\/vincentpuren.fr\/wp-content\/uploads\/2025\/11\/IDP_pagesInt2-300x210.png\" alt=\"\" width=\"300\" height=\"210\" srcset=\"https:\/\/vincentpuren.fr\/wp-content\/uploads\/2025\/11\/IDP_pagesInt2-300x210.png 300w, https:\/\/vincentpuren.fr\/wp-content\/uploads\/2025\/11\/IDP_pagesInt2-1024x718.png 1024w, https:\/\/vincentpuren.fr\/wp-content\/uploads\/2025\/11\/IDP_pagesInt2-768x539.png 768w, https:\/\/vincentpuren.fr\/wp-content\/uploads\/2025\/11\/IDP_pagesInt2-1536x1077.png 1536w, https:\/\/vincentpuren.fr\/wp-content\/uploads\/2025\/11\/IDP_pagesInt2-2048x1436.png 2048w, https:\/\/vincentpuren.fr\/wp-content\/uploads\/2025\/11\/IDP_pagesInt2-900x631.png 900w, https:\/\/vincentpuren.fr\/wp-content\/uploads\/2025\/11\/IDP_pagesInt2-1000x701.png 1000w, https:\/\/vincentpuren.fr\/wp-content\/uploads\/2025\/11\/IDP_pagesInt2-450x316.png 450w, https:\/\/vincentpuren.fr\/wp-content\/uploads\/2025\/11\/IDP_pagesInt2-840x589.png 840w, https:\/\/vincentpuren.fr\/wp-content\/uploads\/2025\/11\/IDP_pagesInt2-540x379.png 540w, https:\/\/vincentpuren.fr\/wp-content\/uploads\/2025\/11\/IDP_pagesInt2-600x421.png 600w\" sizes=\"(max-width: 300px) 100vw, 300px\" \/> <img loading=\"lazy\" decoding=\"async\" data-attachment-id=\"1441\" data-permalink=\"https:\/\/vincentpuren.fr\/?attachment_id=1441\" data-orig-file=\"https:\/\/vincentpuren.fr\/wp-content\/uploads\/2025\/11\/IDP_pagesInt4.png\" data-orig-size=\"2160,1514\" data-comments-opened=\"0\" data-image-meta=\"{&quot;aperture&quot;:&quot;0&quot;,&quot;credit&quot;:&quot;&quot;,&quot;camera&quot;:&quot;&quot;,&quot;caption&quot;:&quot;&quot;,&quot;created_timestamp&quot;:&quot;0&quot;,&quot;copyright&quot;:&quot;&quot;,&quot;focal_length&quot;:&quot;0&quot;,&quot;iso&quot;:&quot;0&quot;,&quot;shutter_speed&quot;:&quot;0&quot;,&quot;title&quot;:&quot;&quot;,&quot;orientation&quot;:&quot;0&quot;}\" data-image-title=\"IDP_pagesInt4\" data-image-description=\"\" data-image-caption=\"\" data-large-file=\"https:\/\/vincentpuren.fr\/wp-content\/uploads\/2025\/11\/IDP_pagesInt4-1024x718.png\" class=\"alignnone wp-image-1441 size-medium\" src=\"https:\/\/vincentpuren.fr\/wp-content\/uploads\/2025\/11\/IDP_pagesInt4-300x210.png\" alt=\"\" width=\"300\" height=\"210\" srcset=\"https:\/\/vincentpuren.fr\/wp-content\/uploads\/2025\/11\/IDP_pagesInt4-300x210.png 300w, https:\/\/vincentpuren.fr\/wp-content\/uploads\/2025\/11\/IDP_pagesInt4-1024x718.png 1024w, https:\/\/vincentpuren.fr\/wp-content\/uploads\/2025\/11\/IDP_pagesInt4-768x538.png 768w\" sizes=\"(max-width: 300px) 100vw, 300px\" \/> <img loading=\"lazy\" decoding=\"async\" data-attachment-id=\"1440\" data-permalink=\"https:\/\/vincentpuren.fr\/?attachment_id=1440\" data-orig-file=\"https:\/\/vincentpuren.fr\/wp-content\/uploads\/2025\/11\/IDP_pagesInt3.png\" data-orig-size=\"2160,1516\" data-comments-opened=\"0\" data-image-meta=\"{&quot;aperture&quot;:&quot;0&quot;,&quot;credit&quot;:&quot;&quot;,&quot;camera&quot;:&quot;&quot;,&quot;caption&quot;:&quot;&quot;,&quot;created_timestamp&quot;:&quot;0&quot;,&quot;copyright&quot;:&quot;&quot;,&quot;focal_length&quot;:&quot;0&quot;,&quot;iso&quot;:&quot;0&quot;,&quot;shutter_speed&quot;:&quot;0&quot;,&quot;title&quot;:&quot;&quot;,&quot;orientation&quot;:&quot;0&quot;}\" data-image-title=\"IDP_pagesInt3\" data-image-description=\"\" data-image-caption=\"\" data-large-file=\"https:\/\/vincentpuren.fr\/wp-content\/uploads\/2025\/11\/IDP_pagesInt3-1024x719.png\" class=\"alignnone wp-image-1440 size-medium\" src=\"https:\/\/vincentpuren.fr\/wp-content\/uploads\/2025\/11\/IDP_pagesInt3-300x211.png\" alt=\"\" width=\"300\" height=\"211\" srcset=\"https:\/\/vincentpuren.fr\/wp-content\/uploads\/2025\/11\/IDP_pagesInt3-300x211.png 300w, https:\/\/vincentpuren.fr\/wp-content\/uploads\/2025\/11\/IDP_pagesInt3-1024x719.png 1024w, https:\/\/vincentpuren.fr\/wp-content\/uploads\/2025\/11\/IDP_pagesInt3-768x539.png 768w, https:\/\/vincentpuren.fr\/wp-content\/uploads\/2025\/11\/IDP_pagesInt3-1536x1078.png 1536w\" sizes=\"(max-width: 300px) 100vw, 300px\" \/><\/p>\n<p>&nbsp;<\/p>\n","protected":false},"excerpt":{"rendered":"<p><span style=\"font-size: 12pt;\"><em><strong>Instants de peau<\/strong><\/em><\/span><br \/>\n<span style=\"font-size: 12pt;\">Livret 20 pages num\u00e9rot\u00e9 et sign\u00e9 &#8211; papier recycl\u00e9 220g<\/span><\/p>\n","protected":false},"featured_media":1434,"template":"","meta":[],"product_brand":[],"product_cat":[53],"product_tag":[],"class_list":{"0":"post-1430","1":"product","2":"type-product","3":"status-publish","4":"has-post-thumbnail","6":"product_cat-zines","7":"product_shipping_class-gratuit","9":"first","10":"instock","11":"shipping-taxable","12":"purchasable","13":"product-type-simple"},"jetpack_sharing_enabled":true,"_links":{"self":[{"href":"https:\/\/vincentpuren.fr\/index.php\/wp-json\/wp\/v2\/product\/1430","targetHints":{"allow":["GET"]}}],"collection":[{"href":"https:\/\/vincentpuren.fr\/index.php\/wp-json\/wp\/v2\/product"}],"about":[{"href":"https:\/\/vincentpuren.fr\/index.php\/wp-json\/wp\/v2\/types\/product"}],"wp:featuredmedia":[{"embeddable":true,"href":"https:\/\/vincentpuren.fr\/index.php\/wp-json\/wp\/v2\/media\/1434"}],"wp:attachment":[{"href":"https:\/\/vincentpuren.fr\/index.php\/wp-json\/wp\/v2\/media?parent=1430"}],"wp:term":[{"taxonomy":"product_brand","embeddable":true,"href":"https:\/\/vincentpuren.fr\/index.php\/wp-json\/wp\/v2\/product_brand?post=1430"},{"taxonomy":"product_cat","embeddable":true,"href":"https:\/\/vincentpuren.fr\/index.php\/wp-json\/wp\/v2\/product_cat?post=1430"},{"taxonomy":"product_tag","embeddable":true,"href":"https:\/\/vincentpuren.fr\/index.php\/wp-json\/wp\/v2\/product_tag?post=1430"}],"curies":[{"name":"wp","href":"https:\/\/api.w.org\/{rel}","templated":true}]}}